z**3/6 - 7*z**2/2 - 2*z. Give h(m).
-3
Let c(n) = n**2 + 5*n + 2. Let j = -9 - -23. Let g = -17 + j. Calculate c(g).
-4
Let c(b) = -b**3 - 3*b**2 - 2*b. Suppose -l - 2*l = -12. Suppose 0 = l*p + 6 + 6. Calculate c(p).
6
Suppose v + 10 = -3*u, 2*u - 3 = v - 18. Let f(h) = h**3 - 5*h**2 + 3*h - 5. Give f(v).
10
Let g(x) = 0*x - 3 - 11*x + 7*x + 6*x. What is g(6)?
9
Let d(t) = t**3 - 7*t**2 - 7*t - 6. Let u be d(8). Suppose 5*m = -u + 17. Let y(b) = 3*b**2 - 2*b - 2*b**3 - 2 + 2*b**2 + b**m. Calculate y(4).
6
Let d(v) = -v**2 + 8*v + 2. Let q be d(8). Let o(w) = w - 3 + w**3 - 4*w - 3*w**q + 1. Determine o(4).
2
Suppose 0*d - 25 = 5*d. Let i = d + 0. Let w(f) = -5*f**3 + 11*f**2 - 4*f + 8. Let a(u) = u**3 - u**2 + u - 1. Let g(h) = 6*a(h) + w(h). Calculate g(i).
-8
Let v(g) be the third derivative of 1/6*g**4 - 1/3*g**3 - 3*g**2 + 0*g + 0. What is v(2)?
6
Let i = -2 + 0. Let t(v) be the third derivative of -v**7/2520 + v**5/60 - v**4/24 - 3*v**2. Let g(d) be the second derivative of t(d). Give g(i).
-2
Let d = 8 + -10. Let v(p) be the first derivative of p**4/4 + p**3/3 + p**2 - p + 1. Determine v(d).
-9
Let x be (2 - (-4 + 7)) + 3. Let k(s) = -s**2 + s - 2. Calculate k(x).
-4
Let b(z) = 2*z**3 + 2*z**2 - z. Let d = 76 + -75. Give b(d).
3
Let m = 7 + -4. Let s(p) = -2*p - 11 - 2*p**2 + m*p**2 + 7. Give s(3).
-1
Let x(p) = 7*p - 8. Let k(n) = -n + 1. Let r(s) = 6*k(s) + x(s). Calculate r(4).
2
Suppose 4*d = -4*k + 9*d + 4, 4*d = 3*k - 2. Let c(f) = 3*f - k*f + 7*f. Let r(g) = -7*g - 1. Let s(a) = -5*c(a) - 3*r(a). Determine s(3).
6
Suppose -7 + 11 = o. Let c(t) = t**3 - 4*t**2 + t + 2. Give c(o).
6
Let l be (8 + -2 + -2)*48/32. Let i(q) = -q**3 + 6*q**2 + q - 5. What is i(l)?
1
Suppose -4*x = 5*d + 1 - 12, -4*x - 13 = -3*d. Let w(b) = -b**3 + 5*b**2 - 3*b - 3. Determine w(d).
6
Let x be (-1 - -2)/((-2)/(-4)). Let i be 4*1*2/4. Let m(q) = 2*q**2 + 2 - q - q**i + 0*q**2. Give m(x).
4
Let p(o) = -o**3 - o**2 + 7 + 3*o + o - 5*o. Let m(g) = 3*g**2 - g - 1. Let k be m(-1). Let x = k - 3. Give p(x).
7
Let s(z) = -z**2 - 5*z - 1. Suppose 3*j + 3*p + 3 = -0*p, 4*j + 19 = p. Determine s(j).
3
Let w(u) = -u**3 - 5*u**2 - 2*u + 2. Let z(r) = -r - 1. Let g be z(-7). Suppose 5*j - t - 14 = 2*j, -3*j + g = -3*t. Suppose -v = -j*v - 20. Give w(v).
-6
Let o(k) = 7*k**3 - 6*k**2 - 15*k + 7. Let g(j) = 10*j**3 - 9*j**2 - 22*j + 10. Let u(i) = -5*g(i) + 7*o(i). Let l be 4 + (-1 - -1)/(-2). Determine u(l).
3
Let f(w) = w. Suppose 2*n - 8 + 0 = 0. Suppose 0 = -3*r - n*d + 3, -5*r + 0*r = d - 22. What is f(r)?
5
Let d be (1 - (-3)/(-9))*3. Let z be 4*3/6*1. Let b(r) = 1. Let y(k) = -k. Let l(o) = z*y(o) + 3*b(o). Determine l(d).
-1
Let z(g) be the third derivative of -g**4/24 + 4*g**3/3 + g**2. Let s(n) = n**2 + 10*n + 5. Let h be s(-10). Give z(h).
3
Let p(r) = 2*r - 3. Let y(z) = -z**2 - 7*z - 5. Let n be y(-7). Let t = 0 - n. Calculate p(t).
7
Let g(w) = w**3 + 3*w**2 - 2*w + 2. Let o(i) = -i**2 + 4*i + 1. Suppose -5*t - 35 = -5*m, 2*m + 0*m = 5*t + 20. Let s be o(m). Give g(s).
-6
Suppose -3*k + k - 12 = 0. Let x be k/33 + (-136)/(-22). Let r(i) = -5*i**2 - 6*i. Let o(q) = q**2 + q - 1. Let h(g) = x*o(g) + r(g). Give h(0).
-6
Let w(d) = -d**2 - 6*d - 3. Let y be w(-3). Let l(p) = p**2 - 2*p + 2. Let s be l(3). Let i(n) = -2 + s - y*n + 4*n. Calculate i(3).
-3
Suppose 0 = 5*g + w - 20, 6*g - 20 = g + 2*w. Let s(a) = a**3 - 5*a**2 + a - 4. Give s(g).
-16
Let t be 3/(-9)*(-5 + -1). Suppose 2*l = 4*s + 7*l - t, -l + 1 = s. Let c(z) = 7*z + 1 - s*z - z - z**2. Determine c(2).
3
Let c(z) = z - 1. Let u(n) = 6*n - 6. Suppose 2*j - 12 = 4*j. Let i(p) = j*u(p) + 34*c(p). Give i(-3).
8
Suppose -6 = -4*g - 2*g. Let o(f) = f + 1. Suppose 15 = -5*q, 0*m - 3 = -2*m - q. Let c(d) = -3*d**2 + 5*d + 2. Let w(j) = m*o(j) - c(j). Determine w(g).
2
Let w(k) = -k**2 + 3*k + 3. Let s(v) = v**2 - 4*v + 1. Let c be s(3). Determine w(c).
-7
Let i(r) = 4*r + 1. Suppose 2*l - 6 = -l. Suppose -g = -l*x - 8, x = -4*g + 6*x + 17. Calculate i(g).
-7
Suppose 29*l - 49*l = -80. Let u(p) = p**3 + p**2 + p + 1. Let y(c) = -5*c**3 - 11*c**2 - c - 10. Let t(m) = 6*u(m) + y(m). Give t(l).
0
Let z(p) = -p**3 - 7*p**2 + p + 6. Let h(j) = 5*j**2 + 2*j - 3. Let x(y) = 4*y**2 + 3*y - 2. Let i(s) = -3*h(s) + 4*x(s). Let r be i(-4). Determine z(r).
-1
Let o(f) be the third derivative of -f**7/2520 - f**6/240 - f**5/60 + f**4/24 - 3*f**2. Let n(c) be the second derivative of o(c). Give n(-2).
0
Suppose -4*m + 4 = -b - 4, -5*b + 8 = -4*m. Let r(i) = 43 + 3*i**2 + 2*i - 42 - b*i**2. What is r(-2)?
-7
Let m(f) = 1. Suppose 3*s + 2*s - 10 = 0. Let w(d) = -d + 2*d - 7 + 3*d - s*d. Let j(t) = -5*m(t) - w(t). Give j(3).
-4
Let g(y) = -y**3 - 6*y**2 + 7*y + 5. Suppose 26 - 5 = -3*w. Give g(w).
5
Let f(u) = -u - 5*u**2 - 5*u + 2*u**2 + u. Let r(m) = 5*m**2 + 10*m - 1. Let s(w) = -7*f(w) - 4*r(w). Let q = -5 - -10. Determine s(q).
4
Let r(z) = z + 5. Let t be (18/5)/(6/15). Let i = -13 + t. Determine r(i).
1
Suppose r - 6*r = 25. Let l(a) = -5*a**3 - 2*a**2 - 3*a + 3. Let x(h) = 9*h**3 + 5*h**2 + 7*h - 7. Let j(p) = r*l(p) - 2*x(p). Determine j(1).
7
Let l(y) = y**2 + 5*y - 1. Let o = 15 + -20. What is l(o)?
-1
Let u(b) be the first derivative of -b**2/2 - 14*b - 1. Let o be u(-12). Let v(p) = p**3 + 3*p**2 + 3*p. Determine v(o).
-2
Let x = 2 + -1. Let c(l) be the second derivative of -3*l**5/20 - l**4/12 + l**3/6 - l**2/2 + l - 26. Calculate c(x).
-4
Let j(r) = -4*r**3 - 5*r**2 + 3*r + 4. Let g(d) = d**3 + d**2 - d - 1. Let i(v) = 9*g(v) + 2*j(v). Give i(3).
8
Let y(r) be the first derivative of 4*r**2 + 0*r**2 - 5*r + 0*r + 4 - 5*r**2. Give y(-5).
5
Let f(p) be the second derivative of p - 1/12*p**4 + 1/3*p**3 - 2*p**2 + 0. Determine f(3).
-7
Let t(x) = 7*x + 6*x - 7*x + x**2 + 4. What is t(-3)?
-5
Let o(a) = 3*a + 6. Let h(z) = -3*z - 5. Let x(t) = -5*h(t) - 4*o(t). Suppose 5*m - 1 - 19 = 0. Suppose m*v + 2 = 6. Calculate x(v).
4
Let x(f) = 3549*f + 2 + f**3 - 3549*f - 5*f**2. What is x(5)?
2
Let z = -71/2 + 853/24. Let g(s) be the third derivative of 0 + 0*s + 0*s**3 - 2*s**2 + z*s**4. Calculate g(1).
1
Let y(m) = -m**3 + 3*m**2 - 4*m + 4. Let f be y(2). Suppose -o - 3 = f, 2*r + 4*o + o + 25 = 0. Let x(v) = -v**2 - 5*v + 6. What is x(r)?
6
Suppose 2*d = -8, 4*h = -d - 3 + 7. Let y(z) = -4*z**2 - 8*z + 3*z**h + 2*z. Give y(-5).
5
Let r(k) be the third derivative of k**6/120 - k**4/24 + 5*k**3/6 + k**2. Let s(f) = -f**2 - 2*f - 1. Let c be s(-1). Determine r(c).
5
Let s = -1 - -3. Let z(t) = t**3 - t**2 - 4*t + 3. Determine z(s).
-1
Let y(z) = 5*z**2 + 3*z + 15. Let d(j) be the second derivative of -j**4/12 - j**3/6 - 3*j. Let t(i) = 4*d(i) + y(i). Calculate t(0).
15
Let h(r) be the third derivative of -r**4/24 + r**3/3 - 10*r**2. Determine h(-5).
7
Let d be -6*(-4)/(2 + 0). Suppose 2*y = y + 5*z - 12, y + 3*z = d. Let l(m) = -m. Determine l(y).
-3
Suppose -2*m - 4 + 0 = 0. Let k(v) be the first derivative of v**2/2 - v + 4. Give k(m).
-3
Suppose 3*s - 6 = s. Let t = 5 - s. Let f(n) = -2 + 2*n**3 - t*n - n**3 - 2*n - 3*n**2. Give f(4).
-2
Let u(r) = 2*r + 6. Let x(y) = y**3 - 7*y**2 - 9*y + 10. Let s be x(8). Suppose 0 = -4*a - 37 - 59. Let i be (s/4)/(3/a). Calculate u(i).
-2
Suppose -5*j = -0*j + 5. Let w(z) = -6*z + 1. Let s be w(j). Suppose -4*v = -23 + s. Let t(d) = d**3 - 4*d**2 + d. Calculate t(v).
4
Let l(z) = -z**3 + 5*z**2 - 5*z. Suppose -5 = -5*f - 5*y, -3*f - y = -1 - 8. What is l(f)?
-4
Let b(j) = -10*j**3 - j**2 + j. Let l(q) = -5*q**3 - 19. Let s(c) = -2*c**3 - 6. Let a(k) = 3*l(k) - 8*s(k). Let h be a(0). Let v = -8 - h. Give b(v).
-10
Let s(a) = -6*a**2 - 2*a + 2. Let q(r) = 11*r**2 + 4*r - 4. Let o be ((-4)/(-6)*-9)/2. Let m(t) = o*q(t) - 5*s(t). Give m(-2).
-6
Let z = 9 - 2. Suppose -2 = p - z. Let u(q) = q**3 + 0*q - q - 3 + 3 + p - q**2. Determine u(0).
5
Let y(a) = -2*a + 6 + a - 1. Determine y(5).
0
Let y(c) = 3 + c**2 - 1 - 5*c + 2. Give y(3).
-2
Suppose -2*a + 48 = 4*q, 0*q = -q - a + 14. Let k(s) = -s**3 + 10*s**2 - s + 13. Calculate k(q).
3
Let h(g) be the third derivative of g**4/12 - 3*g**3/2 + 15*g**2. Determine h(6).
3
Let c(z) = 3*z**2 - 4*z - 2. Let j(p) = 7*p**2 - 8*p - 3. Let k(a) = -9*c(a) + 4*j(a). Determine k(-4).
6
Let u(g) = g - 1. Let q(m) = m**3 - 9*m**2 + 7*m + 1. Let a